s the units digit of g?
1
Let h = 14 - 9. Suppose h*f + 2*p - 30 = -2*p, 0 = 2*p + 10. What is the units digit of f?
0
Let t = 6 + -4. Let a(g) = g**t + g + 4*g**2 - 2*g. What is the units digit of a(-1)?
6
Let l(q) = -q**2 - 11*q - 3. Let h = 2 + 3. Suppose 0 = -h*k + 2*a - 40, -a - 35 = 3*k - 0*a. What is the units digit of l(k)?
7
Suppose 2 + 10 = -4*c. Let u be 1/(c*(-1)/3). Suppose x - u = 10. What is the units digit of x?
1
Let v(b) = -b + 3. What is the units digit of v(-4)?
7
Let z be ((-3)/9)/(3/(-45)). What is the units digit of 3 + 0 + (z - 3)?
5
Let u = 62 + -41. What is the units digit of u?
1
Let c(z) = z**2 + 4*z + 24. What is the units digit of c(6)?
4
What is the units digit of 1*(12/10)/((-36)/(-1170))?
9
Suppose -5*j = -7*j + 26. Suppose 0*b = -2*b + 3*y + j, 0 = -b + y + 5. What is the units digit of 0*b/(-4) + 6?
6
Suppose -2*a - 24 = -6*a. Let g(v) = 4*v + 1. Let j be g(a). Suppose -5*o + j = 0, 3*r - 3*o - 24 = -0*r. What is the tens digit of r?
1
Let y(f) = -11*f - 6. What is the tens digit of y(-4)?
3
Let z = -4 + 6. Suppose z*c = -c - 18. Let q = 10 + c. What is the units digit of q?
4
Suppose 4*l - 7*l + 129 = 0. What is the tens digit of l?
4
Suppose 2*i + i = 9. Suppose 5*v - i = a + 23, 1 = v + 4*a. Suppose 0 = v*h + 11 - 51. What is the units digit of h?
8
Suppose 5*t + 4*p = 31, -4*p = -3*t - p - 3. Let a(x) = 4*x + 4. What is the units digit of a(t)?
6
Suppose 0 = 5*d - 186 - 974. What is the units digit of d?
2
Let s = -1033 - -543. What is the units digit of s/(-18) + 14/(-63)?
7
Let h = -14 + 35. What is the tens digit of h?
2
Let t(q) = q - 10. Let w(f) = f - 9. Let o(l) = -3*t(l) + 4*w(l). Let c be o(6). What is the units digit of -1*(-15 + 3 - c)?
2
Suppose 2*o = 4*o - 2. Suppose -4*z - 20 = 4. Let w = o - z. What is the units digit of w?
7
Let g = 17 - 15. What is the units digit of g?
2
Let r(p) = -8*p**3 + 3*p**2 - 4*p - 1. Let q = -3 - -6. Let o(c) = -16*c**3 + 5*c**2 - 7*c - 2. Let k(t) = q*o(t) - 5*r(t). What is the units digit of k(-1)?
8
Suppose 0 = -5*h + 2*h + 327. Let q = h + -62. What is the tens digit of q?
4
Suppose 4*h + 68 = -48. Let j = h - -40. What is the tens digit of j?
1
Suppose -4*g - 20 + 136 = 0. What is the units digit of g?
9
Let w(p) = p + 8. Let q be w(-4). Suppose -4*g + 9 + 4 = 3*z, 0 = 4*g + 5*z - 19. Let a = q - g. What is the units digit of a?
3
Suppose -5*y = -5*w - 5, w - 6*w - 5 = 2*y. Let v(n) = 4*n - 3. Let r be v(-3). What is the units digit of (-8 + y)*r/20?
6
Suppose 0 = -3*k - 1 + 10. What is the tens digit of (-2)/(k - -3)*-45?
1
Let n(q) = q**2 + 6*q - 5. Let x be n(-7). What is the units digit of (-10 - 3)/(x/(-2))?
3
Let y(s) be the second derivative of -23*s**3/3 - s**2/2 + 3*s. Let t be y(-1). Suppose 5*j + 4*o + 2 = 7, 5*j = 4*o + t. What is the units digit of j?
5
Suppose -3*y - 2*y = -15. Let c = 11 + y. What is the units digit of c?
4
Let f(c) = c + 6. Let v = 3 + -10. Let k be f(v). What is the units digit of (k*15 + 0)/(-1)?
5
Suppose -8*t + 7*t + 84 = 0. What is the tens digit of t?
8
Suppose 0 = 2*a - 7*a + 180. What is the tens digit of a?
3
Suppose -3*w + 4*p = -226, 0 = -0*w + 5*w + 5*p - 400. What is the units digit of w?
8
Let v(u) be the first derivative of u**3/3 + u**2/2 + u - 3. What is the units digit of v(-1)?
1
Suppose -2*y + 48 = 2*y. What is the tens digit of y?
1
What is the tens digit of 5700/105 - (-2)/(-7)?
5
Let n be 2 - (2 - 3) - -2. Suppose -p = -26 + n. What is the tens digit of p?
2
Suppose 52 - 12 = 4*t. Suppose r = t - 0. What is the tens digit of r?
1
Let l(m) = -m - 5. Let g(t) = t**3 - t**2 - 4. Let o be g(0). Let h be l(o). Let w = 4 - h. What is the units digit of w?
5
Suppose 4*o + 45 = -75. Let n be o/(-42) + (-2)/(-7). Suppose z = n + 3. What is the units digit of z?
4
Suppose 5*k + 7*h = 3*h - 28, h = -2. What is the units digit of (2/k)/((-1)/18)?
9
Let d(j) be the first derivative of -j**3/3 - 2*j**2 - j - 3. Let l be d(-5). Let i = l + 14. What is the units digit of i?
8
Let h = 89 - 29. Suppose h = -t + 6*t. What is the units digit of t?
2
Let c be -1 - -4*-1*4. Let t = -27 - c. Let k = t + 16. What is the units digit of k?
6
Let x = 4 - -46. What is the tens digit of x?
5
Let n be 7/3 - 3/9. Let x be (-6)/3 + n + -4. What is the units digit of (-6)/(-4) - (-2)/x?
1
Let g(n) = 3*n**2 - 5*n + 10. What is the hundreds digit of g(-7)?
1
Suppose 5*g - 4 = 6*g. Let o be (10/g)/((-1)/2). Suppose 4*z = 31 + o. What is the units digit of z?
9
Suppose -y + 3*d - 2 = -7, -y - 3*d - 1 = 0. Suppose -6 = -4*j + 14. Suppose -7 = -j*b - 4*t + y, 0 = 4*t + 16. What is the units digit of b?
5
Let h = 11 + 9. What is the units digit of (-1 + (-14)/(-10))*h?
8
Suppose -5*s = -3*q + 2 - 0, 0 = -s + 5*q - 18. What is the units digit of s?
2
Let w(z) = z**2 + 4*z - 8*z**2 - 2 + 2*z**2 + z**3. Let o be w(4). What is the units digit of 3/(-5)*(o - 3)?
3
Suppose -s + 2*i - 16 + 62 = 0, 0 = -s - 2*i + 26. What is the units digit of s?
6
Let v(h) = -3 + h + 5*h - 4*h. What is the units digit of v(4)?
5
Let a(u) = u**3 + 15*u**2 - 10*u - 20. What is the hundreds digit of a(-15)?
1
What is the units digit of 1/(-3) + 310/3?
3
Suppose -1010 = -5*y + 2*p, -3*y - 388 = -5*y + 4*p. What is the units digit of y?
4
Let n(a) = 2*a**3 + a**2 - a. Let r be n(1). Let p = r - 1. Let m(o) = 7*o - 1. What is the units digit of m(p)?
6
Let d(u) be the third derivative of -u**4/12 + u**3 + u**2. Let l be d(6). Let z = l - -8. What is the units digit of z?
2
Suppose -18 = -2*b + 6. Suppose x + 3 - b = 0. What is the units digit of x?
9
Suppose r - 3*t + 6 = 0, 2*r - 7*r + 3*t - 42 = 0. Let h(w) = -w**2 - 13*w - 8. What is the units digit of h(r)?
8
Let c = 9 - 5. Let d = 2 - c. What is the units digit of 5*((-42)/(-15) + d)?
4
What is the units digit of (261/(-18))/((-1)/2)?
9
Let g = 484 - 110. What is the tens digit of g?
7
Let n be 1 - (-2 + (0 - 0)). Suppose a + 0*a = 27. Suppose -v = 3*d - 37, n*v = -0*d - 2*d + a. What is the tens digit of d?
1
Let x be (78/(-9))/(3/(-18)). Let m = -30 + x. What is the units digit of m?
2
Let x be 340/(-8) + (-2)/(-4). Let q = x - -91. What is the tens digit of q?
4
Suppose w = 4*r + 18, 0*w = 2*w - 2*r - 12. Suppose 2*t - 18 = -4*v, w*v - 1 - 3 = 0. Suppose -4*u + t*u - 4 = 0. What is the units digit of u?
4
Let g(n) = -214*n + 10. What is the units digit of g(-1)?
4
Suppose 2*h + 2*h = 96. Let k be (-4)/(-26) + h/13. Suppose 0 = k*s - 6*s + 4. What is the units digit of s?
1
Let n(c) = 4*c**3 - c**2 + c. Let d be n(1). Suppose d - 19 = -5*g. Suppose -2*o + g*t = -3*o - 3, 4*t + 20 = 0. What is the units digit of o?
2
Let z(w) = -5*w + 3. What is the units digit of z(-5)?
8
What is the tens digit of 63 + (-1)/((-4)/4)?
6
Let z = 48 - 27. Let k = z + -13. What is the units digit of k?
8
Suppose p + 2*p + 5*n - 307 = 0, 4*p = -4*n + 404. What is the units digit of p?
9
Suppose 22 = -4*n - 42. Let v = n - -26. What is the units digit of v?
0
Suppose d + d = 8. Let m(a) = a**3 - 9*a**2 - 10*a + 11. Let k be m(10). Suppose -k - d = -3*p. What is the units digit of p?
5
Let j(n) = -n - 19. Let u(s) = s + 10. Let y(a) = 3*j(a) + 5*u(a). What is the units digit of y(8)?
9
Suppose -5*w + 0*w = -110. What is the tens digit of (w - (-1 - 1)) + 2?
2
Let i(d) = 3*d**2 - d + 6. What is the tens digit of i(3)?
3
Suppose -4*f - 6 + 154 = 0. What is the tens digit of f?
3
Suppose 0 = 5*c - 4*c - 21. What is the tens digit of c?
2
Let c(u) = 2 + 8 + 8*u - 3. Let b(n) = -n. Let z(o) = -5*b(o) - c(o). What is the tens digit of z(-10)?
2
Let s(g) = g**2 + g. Let r be s(1). Suppose r*b + 3*p + 3 = -5, -5*p = 0. What is the units digit of (-10)/b - (-2)/(-4)?
2
Let v be (-68)/(-8) + 1/2. Let p = v - 5. What is the units digit of p?
4
Suppose 4*r + 3*h - 89 = 0, 0*r - 77 = -4*r + h. What is the tens digit of r?
2
Let z be 0/(-3*3/(-9)). Suppose z = -l - 0 + 2. What is the units digit of l?
2
Suppose -12 = 3*t - 33. Let p = t - 11. Let s = 5 - p. What is the units digit of s?
9
What is the units digit of -2*(-1)/(-8) - (-393)/4?
8
Let t(x) = -x**2 + 7*x + 6. Suppose 152 = 6*j - 2*j. Suppose 3*g + 4*d = 8*d + j, -1 = 4*g + 5*d. What is the tens digit of t(g)?
1
Suppose o - 8 = 3. Let g = -7 + o. Suppose 2*z + c + g*c - 2 = 0, -3*z + 26 